 prime factors of i(-20)?
7
Suppose 0*o - 5 = 2*o + v, 4*o - 4*v + 4 = 0. Let u(z) = z**3 - 3*z**2 + 4*z. Let y be u(3). What are the prime factors of y + (o - 0 - -2)?
2, 3
Let a(n) = -n**3 + 6*n**2. What are the prime factors of a(3)?
3
Let o(x) = 16*x**2 + x. Let l = 0 - -1. List the prime factors of o(l).
17
Let t(o) = -11*o + 1. Let h(i) = -i - 5. Let f(j) = -3*j**2 + 2*j + 1. Let y be f(-1). Let w be h(y). List the prime factors of t(w).
2, 3
Suppose q + 3 = -4. Let v(i) = -2*i + 1. What are the prime factors of v(q)?
3, 5
Let g = -1 - -90. List the prime factors of g.
89
Let k(n) = -n**3 - 7*n**2 + n - 9. Let g be k(-7). What are the prime factors of g/(3*(-6)/9)?
2
Suppose -3*q - 4 = -b - q, 4*b = -3*q - 17. Let u be (b/5)/((-4)/20). Let p(i) = 4*i**2 - 3*i + 3. List the prime factors of p(u).
13
Let m(f) = 7*f**2 - 4*f - 1. What are the prime factors of m(3)?
2, 5
Suppose -3*g + 6 = 0, 0 = -3*p + 2*g - 4*g + 19. Suppose -p - 1 = 3*x, o = x + 14. List the prime factors of o.
2, 3
Suppose -4*m = -6*m + 118. What are the prime factors of m?
59
Suppose -5*b + 4*o + 32 = 0, o = 5*b + 4*o - 11. Let t = b + -6. List the prime factors of t + 4 - (-21 - -4).
19
Suppose -h + 6*h = x - 85, 3*h = 4*x - 374. What are the prime factors of x?
5, 19
Suppose 5*c + 5*k = 5, c = 5*k + 18 + 7. List the prime factors of c.
5
Suppose -18 = -2*r + 2*q, r - 5 - 3 = 2*q. Suppose -m + 0 = -r. What are the prime factors of m?
2, 5
Suppose -5*c + 1002 = -3*f, -5*c + 3*f = 7*f - 974. What are the prime factors of c?
2, 3, 11
Let k = -13 + 23. What are the prime factors of (25/k)/((-2)/(-4))?
5
Let f(w) = 3*w**2 - 4*w + 2. What are the prime factors of f(-10)?
2, 3, 19
Let o(v) = 3*v**2 + 0*v**2 - v - 4*v - 2*v. Let r(c) = -6*c**2 + 15*c. Let m(y) = 9*o(y) + 4*r(y). What are the prime factors of m(2)?
2, 3
Let a(g) = g**3 + 4*g**2 + 2. Let q be a(-4). Suppose 2*b = 5*m - 82, -3*m + 23 + 39 = q*b. Suppose -4*l - 2 = -m. List the prime factors of l.
2
Suppose 3*l - 84 - 111 = 0. List the prime factors of l.
5, 13
Suppose 134 = 2*w + 5*d - 120, -2*d + 254 = 2*w. List the prime factors of w.
127
Suppose r + 10 = -2*q, 7*r - 2*q = 2*r - 26. Let z = r - -4. List the prime factors of 10*-1*1/z.
5
Let z = 55 - 48. What are the prime factors of z?
7
Let s(m) = m**3 - 7*m**2 + 7*m - 12. Let r be s(6). List the prime factors of (-15)/(-10)*(-172)/r.
43
Let s = -18 - -43. What are the prime factors of s?
5
Let b be 0/((5 - 3) + -1). Suppose b = 2*f - o - 69, -3*o = -2*f - 2*f + 143. List the prime factors of f.
2
What are the prime factors of (-882)/(-9) - (-1)/(-1)?
97
Let f be (3 - 2)*(-1 + 8). Suppose f*u - 3*u - 100 = 0. List the prime factors of u.
5
What are the prime factors of (32 - -1) + 68/17?
37
Suppose 0 = -3*q + 59 + 52. List the prime factors of q.
37
Let i(p) = p**3 - 7*p**2 + 13*p - 2. What are the prime factors of i(7)?
89
Suppose 0 = -g - 3*h - 5, 4*g - h = 9 + 10. Suppose -t + 0 = -g. What are the prime factors of t?
2
Let s = 9 - -120. What are the prime factors of s?
3, 43
Suppose 4*b + 0*b - 2*t = 860, 4 = -t. What are the prime factors of b?
3, 71
Let i(g) = -g**3 + 2*g**2 + 3*g + 4. Let n be i(3). Suppose n*w - 100 = 4*o - 5*o, -w = -o - 25. What are the prime factors of w?
5
Let q = 32 + -13. What are the prime factors of q?
19
Let p = -7 - -13. Let g be (-8)/(-3*p/9). Suppose g*z = -2*d + 28, 0*d + 4*z = 3*d - 22. List the prime factors of d.
2, 5
Let d = 63 - 35. List the prime factors of d.
2, 7
Suppose -1 = -h + 2. Suppose -u = -2*d + 1, 1 = d - h*u + 3. What are the prime factors of d/2*(5 + -1)?
2
Suppose -4*f = -f - 138. What are the prime factors of f?
2, 23
Let y(r) = r**2 - 2*r - 1. What are the prime factors of y(6)?
23
Let q = -186 + 113. Let t = -45 - q. What are the prime factors of t?
2, 7
Let s = 58 + -54. What are the prime factors of s?
2
Suppose 4*j + 5*m - 9 = 0, -1 = -2*j - 2*m + 5. What are the prime factors of j?
2, 3
Suppose -12*l = -8*l + 160. Let j = -24 - l. What are the prime factors of j?
2
List the prime factors of 137*(4/(-6) - 5/(-3)).
137
Let y = 6 - 3. Suppose -2*i - j + 19 = -y, 2*j = 8. What are the prime factors of i?
3
Let d(t) = -t**3 + 3*t**2 - 1. Let w be d(2). Let o be 2/(-6) - (-14)/6. List the prime factors of w/(1 + o)*2.
2
Let y be 57 + 0 + -2 + 1. Suppose -y = -4*t - 2*i, t - i - 13 - 1 = 0. What are the prime factors of t?
2, 7
Suppose -o = -2*d - 10, -2*o - d + 4 = 3*d. Let z be 6/(-9)*o*-1. What are the prime factors of (2/z)/(3/24)?
2
Suppose -d = -3, 6*d - 21 = 3*u + 2*d. Let f(v) = -2 + 5 - 4 - 2*v. List the prime factors of f(u).
5
Suppose 78 + 130 = 4*o. List the prime factors of o.
2, 13
Let h(g) = g + 8. Let l be h(0). Let a = 8 + l. List the prime factors of a.
2
Suppose -3*f + 7 = -2. Suppose 0 = -w - 4*m + 14 + 12, 0 = -f*m + 9. Let q = w - 3. List the prime factors of q.
11
Suppose a - 2*w = 184, -w + 114 + 762 = 5*a. List the prime factors of a.
2, 11
Let l = -12 - -92. List the prime factors of l.
2, 5
Let d(p) = -2*p**3 + 4*p**2 - 2*p. Let j be d(2). Let r = j + 6. Suppose z + r*z = 30. What are the prime factors of z?
2, 5
Let c(x) = 7*x**2 + 2*x + 6. What are the prime factors of c(-5)?
3, 19
Let d be 0 - (-1 - (-1 + 2)). Let c be (0 - -3) + 4 + d. Suppose c + 31 = 2*t. What are the prime factors of t?
2, 5
Suppose -26 = 4*a - 118. List the prime factors of a.
23
Let w = 252 + -120. List the prime factors of w.
2, 3, 11
Let l(c) = -36*c + 46. List the prime factors of l(-7).
2, 149
Let p(o) = -o**2 - 2*o + 4. Let r be p(-3). Let i = r + 6. What are the prime factors of i?
7
Suppose -2*b - 11 = -5*b - 2*u, 3*b - 3*u - 6 = 0. Suppose 0 = -b*a - 3*z - 6, 3*z = 5*a - 6. List the prime factors of (a - -11)*(-4)/(-4).
11
Let g(t) = -2*t + 9. List the prime factors of g(-3).
3, 5
Let j be 2 - (-2)/1 - 2. Let b be -2*1/j*11. Let r = b + 16. List the prime factors of r.
5
Let w(t) = -t. List the prime factors of w(-3).
3
Suppose 5*o + 3*r - 44 = r, 4*o - 2*r = 46. Let c(l) = -l**3 + 10*l**2 - 2. Let j be c(o). Let g(m) = -3*m + 2. List the prime factors of g(j).
2
Suppose -2*l + 59 + 41 = 0. List the prime factors of l.
2, 5
Let f(z) = 14*z**2 - z + 2. What are the prime factors of f(1)?
3, 5
Suppose 72 = -3*f - f. Let h = -9 - f. What are the prime factors of h?
3
Let q = 5 + -23. What are the prime factors of (-23 - -1)*9/q?
11
Let a be 12 - (2 - (-2 + 3)). Suppose -a = 4*u - 95. List the prime factors of u.
3, 7
Suppose 2*i = -4*y + 42, -4*y + 5*i = -y - 64. What are the prime factors of y?
13
Let j be 1/(-4) + (-23)/4. Let h(r) = 3*r**2 - 2*r**2 + 9 + 5*r + r. What are the prime factors of h(j)?
3
Let j = 43 - 23. Suppose j = -6*z + 11*z. List the prime factors of z.
2
Let k = 3 - 8. Let h = 0 - k. What are the prime factors of h?
5
Let z = -4 - -6. Suppose -2*k + 1 = -1. What are the prime factors of k/((z - 0)/12)?
2, 3
Let n(j) = -j**2 - 7*j + 6. Let w be n(-6). Let a be (w/(-8))/((-3)/8). Suppose -9 - 7 = -a*y. What are the prime factors of y?
2
Let o(x) = -x**3 + 9*x**2 + 6*x + 6. List the prime factors of o(6).
2, 3, 5
Suppose 20 = -4*u - 4*h, -4*u - 5*h = -10*h + 38. Let p be 4 + u - (-23)/1. Suppose p = 2*o + 2*d, -o - 5*d + 3 - 9 = 0. What are the prime factors of o?
2, 7
Suppose 5*o - 3*q + 88 = 0, 5*q = -4*o - 4 - 96. Let h = o - -3. Let z = -10 - h. What are the prime factors of z?
7
Suppose -5*y - 14 = -7*y. Let v = y - 1. List the prime factors of v.
2, 3
Let p = -2 + 4. Let u be (-2 + p)/(1 - -2). Suppose 0 = r + m - 7, -7 = -u*r - r + 3*m. List the prime factors of r.
7
Let d = 66 + -40. List the prime factors of d.
2, 13
Let y be (-801)/(-18) - (-2)/(-4). Suppose 3*h - 16 = y. What are the prime factors of h?
2, 5
Suppose 0*o = 3*o - 180. What are the prime factors of o?
2, 3, 5
Let z = -19 - -30. Let c(m) = -m**3 + 12*m**2 - 8*m - 10. List the prime factors of c(z).
23
Suppose 926 = 13*s - 114. List the prime factors of s.
2, 5
Let w = 7 - 4. Suppose -26 = -2*c + w*l - l, 39 = 3*c + l. List the prime factors of c.
13
Let d be (-2)/(-4) + 94/4. Let n be (-2)/(-12) + (-196)/d. List the prime factors of 130/8 - 6/n.
17
Let y = -216 + 146. What are the prime factors of ((-12)/10)/(4/y)?
3, 7
Suppose -2*i - k = -19, 0 = -3*i - 5*k + 17 + 29. Suppose 14 + 8 = 4*c - 5*z, -5*c